2*b - 16359. What is y(-146)?
-7
Let s(y) = 106*y + 14445. What is s(-136)?
29
Let t(c) = -c**3 - 54*c**2 - 196*c + 192. Give t(-50).
-8
Let j(r) = -5*r**2 - 444*r + 519. Determine j(-90).
-21
Let b(f) = f**3 + 6*f**2 - 6*f - 95. What is b(-7)?
-102
Let w(u) = u**3 - 54*u**2 - 5*u - 178. What is w(54)?
-448
Let v(q) = -37*q**2 + 77*q - 6. What is v(2)?
0
Let p(h) = h**2 + 208*h + 1217. Give p(-6).
5
Let c(k) = -60*k + 835. Give c(14).
-5
Let a(i) = -23*i + 179. Determine a(8).
-5
Let b(g) = -6*g**3 + 2*g**2 - 10*g + 4. What is b(2)?
-56
Let w(u) = 3*u**2 + 6*u + 18. Determine w(-3).
27
Let k(d) = -19*d**3 + 14*d**2 - 27*d + 60. Determine k(2).
-90
Let f(n) = -41*n**2 + 205*n - 1. What is f(5)?
-1
Let k(q) = -12*q**3 - 64*q**2 - 4*q + 29. Give k(-5).
-51
Let k(y) = -26*y + 41. Determine k(12).
-271
Let q(z) = 333*z + 1010. Calculate q(-3).
11
Let v(b) = b**2 + 36*b - 137. Give v(6).
115
Let u(p) = -756*p - 37849. Determine u(-50).
-49
Let r(p) = -p**3 - 17*p**2 + 111*p + 137. Determine r(-22).
115
Let a(n) = 179*n**2 + 2147*n - 4. What is a(-12)?
8
Let a(g) = -17*g - 980. Give a(-56).
-28
Let w(a) = a**3 - 24*a**2 - 67*a + 497. What is w(26)?
107
Let k(z) = 2*z**2 - 66*z - 3287. What is k(60)?
-47
Let h(r) = r**3 + 8*r**2 + 2*r + 819. What is h(-13)?
-52
Let y(h) = 4*h + 17. Give y(30).
137
Let o(v) = 51*v - 363. What is o(7)?
-6
Let i(v) = -2*v**3 - 26*v**2 - 69*v - 41. Calculate i(-10).
49
Let c(j) = -2*j**2 + 337*j - 668. Give c(2).
-2
Let j(a) = -2*a**2 + 82*a - 355. Calculate j(5).
5
Let h(s) = s**2 + 34*s - 160. Determine h(-45).
335
Let x(v) = -v**3 - 113*v**2 + 561*v + 38065. Give x(-115).
0
Let k(t) = 606*t + 6090. Give k(-10).
30
Let l(m) = 168*m + 162. Determine l(-1).
-6
Let f(v) = -825*v + 9905. Give f(12).
5
Let m(u) = 10*u**2 - 95*u + 232. Determine m(5).
7
Let g(a) = -726*a - 139402. What is g(-192)?
-10
Let c(u) = u**3 + 14*u**2 - 56*u - 18. Give c(-17).
67
Let h(i) = 1192*i - 13126. Determine h(11).
-14
Let q(a) = a**3 + 111*a**2 + 527*a - 328. Determine q(-106).
-10
Let h(v) = 5*v**3 + 539*v**2 - 116*v - 858. Determine h(-108).
6
Let b(t) = 7*t**2 - 103*t - 37. Give b(19).
533
Let x(v) = -v**2 + 2244*v + 31604. Give x(-14).
-8
Let q(y) = 2*y**2 - 171*y + 3356. What is q(31)?
-23
Let p(x) = -4*x**3 + 264*x**2 - 257*x - 156. What is p(65)?
39
Let c(t) = 3*t**2 - 71*t - 471. Determine c(29).
-7
Let p(u) = -2*u**3 - 10*u**2 - 16*u - 9. Calculate p(-3).
3
Let o(m) = m**3 + m**2 - 39*m - 84. Calculate o(-5).
11
Let z(i) = -18*i - 23. What is z(3)?
-77
Let s(v) = 7*v**2 - 32*v + 15. Calculate s(4).
-1
Let b(p) = -2*p**2 + 124*p + 2038. Give b(76).
-90
Let h(d) = d**2 + 4*d - 85. Give h(-14).
55
Let t(b) = -b**2 - 1104*b - 6640. Give t(-6).
-52
Let z(h) = h**2 + 4*h + 10. Calculate z(3).
31
Let o(j) = -j**2 - 6*j + 109. Calculate o(9).
-26
Let q(u) = u**2 - 8. Determine q(-8).
56
Let m(d) = -d**2 + 2298*d + 11513. What is m(-5)?
-2
Let g(c) = 968*c - 58087. Determine g(60).
-7
Let l(b) = -446*b - 23639. What is l(-53)?
-1
Let p(w) = -99*w - 170. Determine p(0).
-170
Let o(t) = -t**3 - 4*t**2 + 12*t - 42. Calculate o(4).
-122
Let z(b) = -b**3 - 16*b**2 - 46*b + 23. Give z(-12).
-1
Let c(f) = f**2 + 81*f - 71. What is c(-82)?
11
Let a(i) = 724*i - 5066. Give a(7).
2
Let a(k) = 7*k**2 - 185*k - 122. Calculate a(27).
-14
Let x(z) = z**3 - 42*z**2 - 122*z - 602. What is x(45)?
-17
Let j(u) = -u**3 - 165*u**2 + 185*u + 3178. What is j(-166)?
24
Let k(t) = 38*t**2 - 3*t - 3. Calculate k(-1).
38
Let d(h) = h**3 + 24*h**2 + 18*h - 112. What is d(-23)?
3
Let a(z) = -z**3 - 8*z**2 + 102*z + 24. What is a(7)?
3
Let k(p) = 56*p**2 + 104*p - 1. What is k(-2)?
15
Let i(s) = s**3 + 15*s**2 + 56*s + 44. What is i(-10)?
-16
Let t(s) = s**3 + 50*s**2 - 56*s - 259. Give t(-51).
-4
Let p(k) = -34*k**3 + 6*k**2 + 3*k - 8. Calculate p(1).
-33
Let j(r) = -r**3 + 10*r**2 + 14*r - 169. Give j(5).
26
Let y(t) = 398*t + 2396. Determine y(-6).
8
Let n(i) = 20*i - 1238. What is n(61)?
-18
Let h(f) = -3*f**3 + 8*f - 10. Calculate h(-5).
325
Let n(u) = 62*u + 19. Give n(1).
81
Let o(t) = -45*t**3 + 2*t**2 + t - 1. What is o(-1)?
45
Let f(x) = 2*x**3 - 4*x**2 - 3*x + 8. Give f(-3).
-73
Let x(i) = i**2 - 75*i + 147. Calculate x(0).
147
Let c(h) = -192*h - 1692. What is c(-13)?
804
Let j(r) = 6*r**3 - 186*r**2 - 5*r + 124. Give j(31).
-31
Let m(w) = 5*w - 44. What is m(18)?
46
Let w(r) = 11*r + 240. What is w(-18)?
42
Let t(j) = 6*j**3 - 4*j**2 - 12*j - 20. What is t(-4)?
-420
Let v(d) = -d**2 - 344*d + 2444. Give v(7).
-13
Let u(c) = 3*c**3 + 69*c**2 - 220*c - 5049. Give u(-23).
11
Let n(f) = 207*f - 2837. Give n(14).
61
Let u(m) = -m**2 - 367*m + 4540. Give u(12).
-8
Let s(j) = -j**3 - 16*j**2 + 9*j - 64. Give s(-16).
-208
Let g(r) = -2*r**2 - 167*r + 750. What is g(-88)?
-42
Let y(z) = 31*z + 25. What is y(-1)?
-6
Let i(y) = -4*y**2 + 245*y + 181. Calculate i(62).
-5
Let s(z) = 109*z**3 + 14*z**2 - 16*z + 1. What is s(1)?
108
Let p(i) = -i**2 - 249*i + 55521. Calculate p(-391).
-1
Let v(h) = h**3 - 10*h**2 + 9*h + 31. Calculate v(6).
-59
Let w(a) = a**2 - 89*a + 909. What is w(11)?
51
Let v(z) = z**3 + 141*z**2 + 601*z - 10752. Give v(-136).
-8
Let l(k) = -4*k**3 - 6*k**2 + 49*k + 151. Give l(-3).
58
Let z(v) = 2379*v + 66617. Determine z(-28).
5
Let n(u) = u**2 - 4*u + 79. Calculate n(0).
79
Let o(t) = t**3 - 10*t**2 - 33*t + 40. Determine o(13).
118
Let k(x) = 219*x + 593. Calculate k(-6).
-721
Let b(j) = 33*j**3 - 11*j**2 - 16*j - 6. Give b(-1).
-34
Let z(t) = 49*t - 365. Give z(10).
125
Let z(l) = 2*l**2 - 67*l - 155. Determine z(39).
274
Let x(z) = -7*z**2 + 50*z + 7. Give x(8).
-41
Let s(o) = o**2 + 192*o + 1113. Determine s(-6).
-3
Let t(a) = -a**3 - 3*a**2 + 270*a - 2. Calculate t(-18).
-2
Let g(f) = -f**2 + 102*f + 2547. Determine g(121).
248
Let z(v) = -11*v + 159. Determine z(17).
-28
Let b(i) = -6*i**3 + 2*i**2 - 9*i + 8. What is b(1)?
-5
Let c(w) = w**3 + w**2 - 3*w - 10. Calculate c(4).
58
Let f(u) = -2*u**3 + 44*u**2 + 51*u - 98. Calculate f(23).
17
Let s(k) = k**3 - 27*k**2 + 8*k + 614. Determine s(26).
146
Let p(n) = -325*n + 4910. Determine p(15).
35
Let g(v) = 605*v + 34480. Give g(-57).
-5
Let p(t) = 50*t + 347. Determine p(-4).
147
Let t(z) = -z**2 - 351*z - 4157. Determine t(-12).
-89
Let w(t) = 22*t + 365. Give w(-17).
-9
Let z(s) = 6*s**2 - 53*s - 202. Determine z(-3).
11
Let v(l) = -373*l + 23865. Give v(64).
-7
Let s(m) = -297*m - 5637. Give s(-19).
6
Let b(r) = -42*r + 909. Calculate b(15).
279
Let z(u) = -2*u**3 + 4*u**2 + 48*u + 186. Determine z(-4).
186
Let i(w) = -5*w**2 + w + 56. Give i(5).
-64
Let g(i) = -i**3 + 11*i**2 - 20*i + 96. Give g(10).
-4
Let b(p) = -11*p**2 + 133*p + 36. Calculate b(8).
396
Let p(q) = -q**3 - 21*q**2 - 13*q - 89. Calculate p(-16).
-1161
Let p(w) = -w**2 - 39*w - 103. Calculate p(-23).
265
Let k(j) = -j**3 + 6*j**2 + 14*j - 45. Determine k(6).
39
Let h(i) = -5*i**3 + 14*i**2 - 16*i - 19. What is h(3)?
-76
Let h(x) = 19*x**3 + 4*x**2 - 102*x + 100. Determine h(1).
21
Let u(q) = -166*q + 811. What is u(5)?
-19
Let d(y) = 2*y**3 - 24*y**2 + 3*y - 7. Calculate d(12).
29
Let i(x) = x**3 + 56*x**2 - 192*x - 900. Calculate i(-59).
-15
Let j(a) = -a**3 - 9*a**2 - 17*a - 35. Give j(-5).
-50
Let h(l) = 37*l - 428. Give h(12).
16
Let b(z) = z**2 + 120*z + 2113. Calculate b(-18).
277
Let o(z) = 636*z + 557. Give o(0).
557
Let d(f) = -2*f**3 + 195*f**2 - 95*f - 262. What is d(97)?
-68
Let h(w) = w**3 - 10*w**2 - 21*w - 63. What is h(12)?
-27
Let f(d) = -6*d**3 + 14*d**2 + 10*d - 3. Determine f(-1).
7
Let v(r) = -r**3 - 9*r**2 - 17*r - 276. What is v(-10)?
-6
Let r(j) = j**3 - 3*j**2 + 29*j + 75. Give r(-2).
-3
Let c(o) = -19*o**2 - 2298*o + 119. What is c(-121)?
-2
Let j(c) = -10*c**2 + 25*c - 8. Determine j(3).
-23
Let z(g) = g**3 - 11*g**2 + 18*g - 65. Determine z(10).
15
Let k(q) = -394*q - 2292. Calculate k(-6).
72
Let n(i) = 55*i + 366. Give n(-7).
-19
Let k(q) = 8*q**2 - 101*q - 5. Determine k(0).
-5
Let a(q) = -33*q - 577. Calculate a(-17).
-16
Let i(k) = 16*k - 34. What is i(3)?
14
Let x(a) = a**3 - 58*a**2 - 90*a + 1869. Give x(59).
40
Let h(w) = -12*w**3 + 9*w + 5. Calculate h(-2).
83
Let l(b) = -97*b - 479. Give l(-5).
6
Let u(d) = d**3 - 2*d**2 + d + 12. Determine u(6).
162
Let n(q) = q**2 - 3*q - 42. G